 = -2 - -22. Let k be 2/(-9) - q/(-9). Suppose s - 12 = -k*s. What is the units digit of s?
4
Suppose 0 = -n + 3*n. Suppose v = 4*v. Suppose v = 4*x - 5*t - 25, -x + n*t + 2*t + 7 = 0. What is the units digit of x?
5
Let g = -11 + 8. What is the units digit of g/(-2) + 5/2?
4
Let n be -3 + 1 + -2 + 2. Let y = 4 + n. Suppose -4*w - y*h = -30, -2*w + 25 = 3*w + 5*h. What is the units digit of w?
0
Let o be -3 + 6*(-1)/(-2). Suppose -2*a + 2 + 2 = o. What is the units digit of a?
2
Let r(x) = x + 1. Let v(t) = -t**2 - 11*t + 5. Let w(j) = 5*r(j) + v(j). Let b be w(-7). What is the units digit of (-2)/3 + 17/b?
5
Let c = -2 - -25. What is the tens digit of c?
2
Let c(p) = -9*p - 11. What is the units digit of c(-5)?
4
Let i(r) = -r**2 + 4*r - 5. Let t be i(5). Let n = -64 + 58. Let x = n - t. What is the units digit of x?
4
Suppose -w - 2*w = -39. Suppose -3*g = -g - 36. Let d = g - w. What is the units digit of d?
5
Suppose 5*i = 3*i. Suppose i*b - 5*b + 271 = -4*o, 90 = 2*b + 3*o. What is the tens digit of b?
5
Suppose -2*b + 83 = -2*a - 31, 3*b + 4*a - 206 = 0. What is the tens digit of b?
6
Let l(q) = -2*q + 7. Let z be l(5). Let u = 8 - 4. Let v = u + z. What is the units digit of v?
1
Let n(q) be the first derivative of q**3/3 + 6*q**2 + 11*q + 1. Let r be n(-9). What is the tens digit of 2/r*14*-8?
1
Suppose 3*v = -8 - 4. Let s = -1 - v. What is the units digit of s?
3
Let k = 12 + 58. What is the tens digit of k?
7
Let g(l) = -25*l**3 + 3*l**2 + 2*l. What is the tens digit of g(-1)?
2
Let q(r) = 13*r**2 + 3*r + 1. Let j be q(-2). Let a = 79 - j. What is the units digit of a?
2
Let d be (0/1)/(6/3). Suppose 0 = 3*t - d - 18. What is the units digit of t?
6
Suppose 0 = 4*b + 65 - 1. Let p(o) = -o - 11. What is the units digit of p(b)?
5
Let n = 8 - -66. What is the units digit of n?
4
Let r be (-2 + (-2 - -6))/1. Suppose -3*g + 0*a + 26 = -2*a, -8 = r*g + 5*a. What is the units digit of g?
6
Let o be (48/20)/((-9)/(-60)). Suppose -p + b = -4, o = b - 5*b. Let m(v) = v**2 - v + 4. What is the units digit of m(p)?
4
Let t(o) = -o**3 + 7*o**2 - 2*o - 6. What is the tens digit of t(5)?
3
Let p(j) be the third derivative of j**6/120 - 7*j**5/60 + 7*j**4/24 + j**3/2 + 2*j**2. Let r(b) = -5*b + 1. Let v be r(-1). What is the units digit of p(v)?
9
Suppose 2*t - 4*t = -8. Let g(l) = l**3 - 4*l**2 - 4*l + 1. Let h be g(t). Let w = -7 - h. What is the units digit of w?
8
Let y(z) = z**3 - 2*z**2 - 6*z - 6. What is the hundreds digit of y(6)?
1
Let k be 3/12 + 22/8. Suppose -w = -3*x + x + 21, -80 = -5*x - k*w. Suppose -33 + x = -4*t. What is the units digit of t?
5
Let a(r) = r**3 - 5*r**2 + 6*r - 3. Let x be a(4). Suppose -4*w = -x*q - 8, -4*q + 0*q = 0. Suppose -6*d + w*d = -52. What is the units digit of d?
3
Suppose 0 = -3*c + c. Suppose -5*h - 5*q + 305 = c, -2*h = -h + 2*q - 62. Suppose 5*w - h = w. What is the units digit of w?
5
Suppose 183 - 729 = -3*b. What is the tens digit of b?
8
Let i = 90 - 21. What is the tens digit of i?
6
Let a(t) = -15*t**3 - t**2 + 1. Let o be (-1)/(-1)*(-12 - -11). What is the tens digit of a(o)?
1
Let p = 162 + -12. Suppose p = 5*a - 45. What is the tens digit of a?
3
Let z(g) = -2*g**2 + 9*g + 2. Let v(h) = -3*h**2 + 8*h + 1. Let r(m) = -3*v(m) + 4*z(m). What is the units digit of r(-12)?
5
What is the hundreds digit of ((-1700 + 2)/3)/(-2)?
2
Let s(n) = 14*n**2 + 1. What is the units digit of s(1)?
5
Suppose 2*d = -3*b - 4, 5*b + 2*d - 4*d + 12 = 0. Suppose -3*q = -o - 9, 4*o - 3*q - 1 = 8. Let y = b + o. What is the units digit of y?
4
Let l = -16 - -10. What is the units digit of 1*-9*8/l?
2
Let z be -1 + 2 + (0 - 2). What is the tens digit of 7*12*z/(-7)?
1
Let m = -117 - -205. What is the tens digit of m?
8
Let k(d) = -6*d - 7. Let z be k(-5). Suppose -u - 3*n = -z, 2*u - n = -u + 19. Suppose -q - 3*q + u = 0. What is the units digit of q?
2
Let f(s) = s**2 - 4*s - 13. Let q be f(9). What is the units digit of q/6 - (-4)/6?
6
Let k = -62 + 171. What is the tens digit of k?
0
Suppose -25 - 76 = -f + 3*g, 2*f = -5*g + 213. What is the hundreds digit of f?
1
Suppose 2 = 2*j - 2*d, 2*j - 3*d - d + 6 = 0. Suppose 3*s - 9 = -5*c - 0*s, -j*c + 3*s - 9 = 0. What is the units digit of 1/(1/9 + c)?
9
Let d = -6 - -8. Let q be 77/14 - d/4. Let f = 27 - q. What is the units digit of f?
2
What is the tens digit of 18/2*-1*-7?
6
Let b(k) = -k**3 - 7*k**2 + 1. Let s be b(-7). Let g be (1/(-3))/(2/(-6)). Let w = s + g. What is the units digit of w?
2
Suppose 0 = -t - 8 + 2. Suppose 0 = s - 2*o, 5*s = -0*s - 5*o + 75. Let w = t + s. What is the units digit of w?
4
Suppose -5*a + 48 = t, 4*t - 1 = 5*a - 59. Let i = 7 - 6. What is the units digit of (6 - i)*12/a?
6
Let c(f) = 2*f + 21. What is the units digit of c(-5)?
1
Let z(d) = -d**3 + 4*d**2 - 3. Suppose -20 = -4*v, 3*k + k + 46 = 2*v. Let u = -6 - k. What is the units digit of z(u)?
6
What is the units digit of (-5 + (5 - 4))*-2?
8
Suppose -175 = 111*f - 116*f. What is the units digit of f?
5
Let h be (-2)/13 + 152/(-26). What is the units digit of (-91)/h + (-16)/96?
5
Let i(t) = 2*t + 6. Let z be i(-13). Let w be ((-8)/(-16))/((-2)/z). Suppose -2*n = -w*p - 20, -n + p = -6*n + 77. What is the units digit of n?
5
Let r be (-36)/(-21) - 4/(-14). Suppose 0 = 5*h - r*h - 36. What is the units digit of h?
2
Let d(p) = p - 5. Let l be d(10). Suppose -l*u = -6*u + 14. What is the units digit of u?
4
Suppose -3*h - 4*z + 185 - 59 = 0, -5*h - z + 210 = 0. What is the units digit of h?
2
Let z(i) = -i**3 - 4*i**2 - 5*i - 4. Let w be z(-3). Suppose -w*t - 3 + 7 = 0. Suppose -7*b + t*b + 24 = v, v = b. What is the units digit of b?
4
Let k = 13 + -4. What is the units digit of k?
9
What is the units digit of (2/(-4))/(4/(-1984))?
8
Suppose l - 3*q = 158 + 20, -2*l + 2*q = -364. Suppose -l = -4*c + i, -3*c + 5*c - 90 = i. What is the units digit of c?
7
Suppose 2*l - 6 - 10 = 0. Let o = l - 2. What is the units digit of o?
6
Suppose 0*v - 26 = -v + 5*p, 0 = -4*p + 8. What is the units digit of v?
6
What is the tens digit of (-544)/12*(3 + 2 + -11)?
7
Let x(a) = -a**2 + 2*a + 26. Let b be x(0). Let i = b - 11. What is the tens digit of i?
1
Let v = 50 - 16. What is the units digit of v?
4
Let j = -100 - -150. What is the units digit of j?
0
What is the units digit of (-68)/51 - (-34)/3?
0
Let k(r) = r**2 - 4*r - 2. Suppose -2 - 26 = 4*f. Let h be k(f). Suppose 3*u = -4*o + h, 0 = 4*o - 2*u - 3*u - 35. What is the units digit of o?
5
Let r = -48 - -86. What is the tens digit of r?
3
Let w = -24 + 16. Let r = w + 20. What is the tens digit of r?
1
Suppose 5*a = 2*v - 1 + 8, -4 = 4*a - 4*v. Let b(l) = -4*l + a*l + 2*l - 7 + 0*l. What is the units digit of b(9)?
2
What is the units digit of 2/3*5784/16?
1
Let h(o) = -2*o + 4*o - o + 12. What is the units digit of h(-8)?
4
Suppose 8*l - 3*l = 0. Let c = -3 - -6. Suppose l*f + 14 = c*z + 5*f, 4*z - 5*f - 7 = 0. What is the units digit of z?
3
Suppose r - 644 = -3*r - 4*a, 4*r + 3*a - 649 = 0. What is the hundreds digit of r?
1
Let v(o) = o**3 + 10*o**2 + 10*o - 8. What is the units digit of v(-8)?
0
Let a = 0 + 5. Suppose -a*j + 0*w + 87 = 2*w, -2*j = 4*w - 22. What is the tens digit of j?
1
Suppose -5*j + 26 = -89. Suppose -j = -2*x - 5. What is the units digit of x?
9
Let o(p) = -2*p - 3. Let m be (-6)/(-9) + 8/(-3). What is the units digit of o(m)?
1
Let a(j) = -2*j + 8. Let c be a(8). Let o = -4 - c. What is the units digit of o?
4
Let l = 17 + -14. Suppose -2*w + 4*m = -6, l*w = -w + 3*m + 7. What is the units digit of w?
1
What is the hundreds digit of (-1)/4 + (-2127)/(-12)?
1
Suppose 0 = 6*q - 25*q + 361. What is the units digit of q?
9
Let f be (-8)/(-10)*(-25)/(-10). Suppose f*l = -5*g + 59, -3*g - l = -g - 24. What is the tens digit of g?
1
Let g(s) = -s**2 + s + 1. Let v be g(2). Let f = 0 - v. What is the units digit of 1 + -3 + 2 + f?
1
Let f(d) = -4*d. Let j(w) = -7*w. Let z = -3 - -6. Let s(k) = z*j(k) - 5*f(k). What is the units digit of s(-4)?
4
Suppose -3*j = -4*j - 2*p + 39, 2*j - p = 53. What is the tens digit of j?
2
Suppose -5 = 2*p + 1, -4*p = -2*k + 54. What is the units digit of (k + 1)*2/4?
1
Let i(w) = -w**3 - 6*w**2 - 2*w - 6. Let q be i(-6). Let x be (3/2)/((-3)/q). What is the units digit of (3 - -1)/(